d derivative of -15*k + 0 - 1/2*k**2 + 1/6*k**3. Suppose -4 = -6*p + 5*p. What is g(p)?
3
Let w(y) = 0*y**2 + 2*y + y**2 - 5 - 3*y. Let i be ((-32)/(-28))/(-6 + 396/63). Give w(i).
7
Let z = -389 + 390. Let y(d) = -2*d**3 + d**2 - 4*d + 4. Calculate y(z).
-1
Let i(x) = x**3 - 6*x**2 + x + 7. Let j be (3 - (-1 - 1)) + 0. Give i(j).
-13
Let t(h) = h**3 + 9*h**2 - 9*h - 2. Let g be ((40/(-3))/(-4))/((-5)/15). Determine t(g).
-12
Suppose -h = 5*d - d + 21, -3*h + 2*d = -7. Let p be 1/(h - (-16)/14). Let n(u) = -u**2 + 6*u - 2. What is n(p)?
-9
Suppose 0 = 3*t + 4*u + 19, 20*u = -5*t + 17*u - 39. Let o(r) = r**3 + 11*r**2 + 19*r + 15. What is o(t)?
6
Let v(g) = -7*g - 7 - 18 + 1 + 8*g - 2*g. Give v(0).
-24
Let o(r) = r**2 + 8*r - 10. Suppose 4*m + m + 50 = 0. Give o(m).
10
Let l(m) = -m - 1. Suppose -8 = 3*g - 2*w + 18, 2*g = -3*w. What is l(g)?
5
Suppose -2*c = -5*c - 9. Let z(g) be the first derivative of g**2 - 2*g + 27. What is z(c)?
-8
Suppose 3*q - 1 = 14. Suppose 7 = q*n - 8. Let i(a) = -a**3 + 2*a**2 + a + 3. Determine i(n).
-3
Let z(a) = -1 + 68391*a - 68392*a + 1. Suppose 1 = -h + 10. Suppose 3*q = -3*g - 18, 0*g = -2*q + g - h. Calculate z(q).
5
Let k(n) = n**2 - 6*n - 4. Suppose -3*b = -5*b + 6. Suppose 1 = 4*c - b. Let x(u) = -1. Let p(f) = c*k(f) + x(f). Give p(5).
-10
Let l(k) = k**2 + 5*k - 2. Let w = 71 + -75. What is l(w)?
-6
Let w(x) = -2*x**3 + 9*x**2 + 3*x + 11. Let p(g) = -3*g**3 + 10*g**2 + 3*g + 13. Let f(o) = 5*p(o) - 6*w(o). Calculate f(-2).
13
Let k(o) = 6*o + 22. Let u(i) = 4*i + 15. Let n = 48 + -43. Let x(c) = n*k(c) - 7*u(c). Calculate x(-4).
-3
Let x(y) = -y**2 - y + 1. Let h(k) = -5*k**2 - 12*k + 6. Let v(t) = h(t) - 6*x(t). Suppose 5*p - 31 = -w, 0 = 4*w - 2*p - 3 - 11. Determine v(w).
0
Suppose -3*c - 5 = 2*c. Let t(m) = -m - 3. What is t(c)?
-2
Let r be ((-8)/(-5))/((-98)/245). Let c(s) = 2*s**2 + 3*s + 6. Determine c(r).
26
Let g(p) = -3*p - 3. Let s = -5 + 10. Suppose r - 5*l + 19 = 0, 0 = s*l - 4 - 11. What is g(r)?
9
Let b(w) be the third derivative of 0*w + 7/24*w**4 - 1/60*w**5 + 0 + 6*w**2 + 0*w**3. Calculate b(6).
6
Let f(c) = c - 2. Suppose -12 = 4*d + 4*z, 4*z = 2*d - 17 - 7. Suppose d*i + i - 4*m - 7 = 0, 4*m + 5 = i. Let s be i*(2 - 3) + -3. Calculate f(s).
-6
Let k(t) = -22*t + 7*t + 7*t + 13*t + 5 + t**2. Let m = 122 + -126. Determine k(m).
1
Let d(v) = -4 + 2 - 3*v - 1. Suppose -7*x + 3*x = 2*a - 6, 3*x = -3*a. What is d(a)?
6
Let n(b) = -b**3 - 7*b**2 - 2*b - 10. Let h(l) = -7 + 8 + 2*l - 16 + 0*l. Let s be h(4). Give n(s).
4
Suppose 4 = -m - 3*t, 0 = 2*m + m - 2*t - 10. Let u(c) be the first derivative of 2*c - 1/4*c**4 + 1/3*c**3 + 0*c**2 - 3. What is u(m)?
-2
Let t(b) = -4*b + 19. Suppose 2*i = 121 - 111. Give t(i).
-1
Let m(t) = -t**2 + 10*t + 7. Suppose 4*c = -4, -4*c + 29 + 22 = 5*q. What is m(q)?
-4
Let n(w) = -w**3 - 4*w**2 - 2*w - 7. Let r(x) = x**2 + 19*x - 96. Let l be r(-23). What is n(l)?
1
Suppose -5 = 3*c + n + 1, c + n = 0. Let g be 15/(-35) + c/(42/8). Let h(y) = -16*y - 1. What is h(g)?
15
Let c(i) = -6*i**3 + i**2 - i + 1. Suppose -611 = -5*a + 9. Let j = -123 + a. Calculate c(j).
-5
Let q(d) be the second derivative of -d**5/120 - d**4/4 + 35*d**3/6 - 18*d. Let z(l) be the second derivative of q(l). Determine z(-5).
-1
Let b(w) = w**2 - 8*w + 16. Let k be (-4)/(-18) + 52/9. Let x be b(k). Suppose -3*t = x*u - 6, 4*t + 2*u = 2*t + 4. Let z(h) = 4*h - 2. What is z(t)?
6
Let d(c) be the first derivative of c**3/3 + c**2/2 - 2*c + 202. Give d(5).
28
Let k(h) = -h**2 - h + 3. Let y = -13 - -4. Let p(x) = -x - 11. Let s(m) = 3*m + 32. Let b(d) = 7*p(d) + 2*s(d). Let u be b(y). What is k(u)?
-9
Let x(o) = -o**3 + 10*o**2 - 11*o + 13. Suppose 2*h = 2*n - 3*h - 3, -5*n + 2*h + 39 = 0. Let s be x(n). Let z(m) = -m**3 - 6*m**2 - 7*m - 2. Calculate z(s).
8
Suppose -11*i - 19 = 14. Let a(o) = -569*o + 567*o - 4 + 8. What is a(i)?
10
Let d(k) = 2*k**3 - k**2 - 2*k + 2. Suppose -8*p - 10 = -13*p. Let m be d(p). Suppose -12*g + 14*g = -m. Let b(q) = 4*q + 6. Give b(g).
-14
Let p(o) = o**2 - 8*o + 3. Let v be 15/2 + (-4)/(-8). Let i be p(v). Let r(k) = k**i - 5*k**2 - k + 1 - 1 + 1. What is r(5)?
-4
Let h(k) = 2*k. Let t(q) = q. Let y(f) = -2*h(f) + 5*t(f). Let c = 89 + -62. Suppose -4*o + 23 = c. What is y(o)?
-1
Let x(g) = g**3 + 7*g**2 + 7. Let d be x(-7). Let b(t) = 5*t**2 - 15*t - 10. Let j(k) = 16*k**2 - 47*k - 31. Let v(q) = 13*b(q) - 4*j(q). Give v(d).
-6
Let q(p) = 4*p**2 - 3*p + 2. Let w(c) = 3*c**2 - 2*c + 2. Let l(h) = 4*q(h) - 5*w(h). Give l(-1).
1
Let r(u) = -4*u**3 + 6*u**3 - 3*u**3 - u**2 - 1. Suppose w + 76 = -y - 4*y, 5*w - 55 = 4*y. Let a be 6/y*-5 - 4. Calculate r(a).
3
Let f(y) = -y**2 - 8*y - 10. Suppose 42 = 3*a + 6. Let j(p) = p**2 - 12*p - 7. Let o be j(a). Determine f(o).
-3
Suppose 213*z = -2*b + 212*z - 15, -z = -2*b - 5. Let q(r) be the second derivative of r**3/6 + 5*r**2/2 - r. Calculate q(b).
0
Let z(l) be the third derivative of -l**6/120 + 7*l**5/60 - 7*l**4/24 + 2*l**3/3 - 67*l**2. Let p = 9 - 5. Let j be 2*3 - (p + -4). Determine z(j).
-2
Let t(k) = 7*k - 1. Let y(f) = 3*f - 11. Let z be y(6). Let d be (-46)/z + (-3)/7. Let o(r) = -r - 6. Let w be o(d). Give t(w).
6
Let b(l) = -2*l**3 - 5*l**2 - 4*l + 1. Suppose 270 = t - 91*t. Calculate b(t).
22
Let q(m) = -m**3 + 4*m**3 - 4*m + 8*m + 1 - 6*m. Let v = 8 + 2. Suppose -v + 5 = -5*n. What is q(n)?
2
Let h = -194 + 192. Let z(n) be the second derivative of -n**5/20 - 5*n**4/12 - n**3/2 + 6*n. Give z(h).
-6
Let c(d) = d**2 + 14*d + 12. Let m(b) = b. Let v(n) = c(n) - 6*m(n). Let o be v(-6). Let g(q) = -q - 9. Determine g(o).
-9
Let u(t) = -2 - 3 - 8*t + 0 + 0*t. Determine u(-4).
27
Let f(a) = -a**2 - 6*a + 6. Let z(i) = 2*i**2 + 12*i - 10. Let j(l) = 7*f(l) + 4*z(l). Give j(-3).
-7
Let j be 2/(-11) - 553/(-77). Let f(l) = 5 + 4*l - j + 1 + 4*l. Calculate f(-1).
-9
Let x(a) = -2*a. Suppose 2*b + 2*p - 6 = 5*p, b + 2*p - 10 = 0. Let q(k) = k**3 - 6*k**2 - k + 2. Let o be q(b). Let r = o + 8. What is x(r)?
-8
Let p(z) = -z**3 - z**2 - 3*z - 2. Let k = 297 + -298. What is p(k)?
1
Suppose -l = -9*j + 12*j, 3*l - 2*j + 33 = 0. Let g(h) = -h**3 - 8*h**2 + 10*h + 2. Calculate g(l).
-7
Let s be 2/(-6) + 16/3. Let y(t) = -t - 1 + t**2 - 2 + s*t. Suppose 0 = -5*k + 3*v - 8, -6*v + 16 = -10*v. Determine y(k).
-3
Let c = -257 - -255. Let z(k) = k**3 - k**2 - 3*k - 2. Calculate z(c).
-8
Let g(z) = 3*z**3 - 7*z**2 - 9. Let c(p) = -5*p**3 + 13*p**2 + p + 17. Let n(d) = -4*c(d) - 7*g(d). What is n(-2)?
-1
Let p(u) = -u**3 + 5*u**2 + u - 1. Let t be p(5). Let x(w) = 2 + w**2 - 2 - t + 5*w. Suppose -20*y + 11*y = 45. Give x(y).
-4
Let y(d) = -6*d - 1. Let i(p) = 2*p**2 - 50*p + 50. Let j be i(24). What is y(j)?
-13
Let i = -6 - -6. Suppose 2*x - 2 = r - i*x, -2*x + 2 = -2*r. Let v(p) = r*p + 2*p - p - 2*p + 1. Give v(-4).
5
Suppose 4*o = 36 + 24. Let p(c) = -c**2 + 5 + 2 - o - 9*c. Determine p(-6).
10
Let h(p) be the third derivative of p**5/60 + p**4/6 - 2*p**3/3 + 3*p**2. Let l(o) = 3*o**3 - o**2 + o - 2. Let d be l(2). Suppose 4*u + 0 + d = 0. Give h(u).
1
Let r(y) = 7*y + 1. Let x = -130 - -127. Determine r(x).
-20
Let h(x) = 3*x**3 - 2*x**3 + 5 - 9*x - 1 - 2*x**3 - 8*x**2. Suppose -6*c + 105 = -21*c. Determine h(c).
18
Let w(f) = -297*f**2 - 306*f**2 - f + 604*f**2 - 4. What is w(0)?
-4
Suppose -6*k = 2 - 20. Let y(c) = -3*c - k - 3 + 15 - 3. What is y(6)?
-12
Let i(t) = t**3 - 2*t**2 + 4*t - 3. Let q = 9 + -13. Let p = q + 8. Suppose -4*b = p*w - 20, 0 = -4*b + 2*w + 1 + 1. What is i(b)?
5
Suppose 3934*z - 3945*z - 132 = 0. Let v(g) = -6*g**2 - 6*g**2 - 1 + 4 - g**3. Calculate v(z).
3
Let b(y) be the first derivative of -19*y**2 - 140. Determine b(1).
-38
Let k(w) = -w + 8. Let u = 28 - 23. Suppose -u = -r + 7. Let d be 9*(32/r - 2). Determine k(d).
2
Let p(s) = -s + 9. Suppose 0*m - 11*m = 5*m. Calculate p(m).
9
Let i(a) = -13*a**3 - 20*a**2 + 16*a + 29. Let o(v) = -3*v**3 - 5*v**2 + 4*v + 7. Let b(j) = -2*i(j) + 9*o(j). Determine b(-4).
-27
Let n(l) be the second derivative of -l**4/3 + l**3/6 + l**2/2 + 40*l + 1. Calculate n(2).
-13
Let i = -605 + 616. Let t(y) = -y**2 + 10*y - 4. Give t(i).
-15
Suppose 0 = -5*p + 12*c - 10*c - 5, -4*c = -2*p + 14. Let t(i) = -i**2 + i - 1. Give t(p).
-13
Let c be 1 + -4 + 440/(-15)*-